2)/(1/110). Suppose 0*q + 5*q + 2*s = d, q - 23 = 2*s. List the prime factors of q.
13
Suppose 30 + 11 = 2*u - 5*r, 9 = -3*r. Suppose -u*j = -11*j - 50. List the prime factors of j.
5
Let n(b) = 9*b**2 - 2*b - 4. List the prime factors of n(-5).
3, 7, 11
Let y = 6 + -1. Suppose 0 = -y*v - 3*g + 30, -3*g - 4 - 2 = -v. Let t = v + -2. What are the prime factors of t?
2
Suppose 3*g = 30 + 27. What are the prime factors of g?
19
Let c(v) = 8*v**2 + 2*v - 2. Let o be c(2). Let b = o - 21. What are the prime factors of b?
13
Suppose 0 = -2*o - 5*y - 15, 0*y + y + 3 = -2*o. Suppose -4*p + o*p = -28. List the prime factors of p.
7
Suppose -17*l = -13*l - 392. List the prime factors of l.
2, 7
What are the prime factors of ((-2)/(-6))/(1/9)?
3
Let q = 4 + -4. Let g(z) be the second derivative of z**3/6 + 11*z**2/2 + z. What are the prime factors of g(q)?
11
Let v be (19/(-2))/(2/4). Let j = -3 - v. What are the prime factors of j?
2
Suppose -5*c = 4*f - 13 - 18, 4 = c + 3*f. Suppose y + c = 2*y. List the prime factors of y.
7
Suppose -4*r - 4*y = 12, -2*r + 3*y - 1 + 0 = 0. Let p = 6 - r. List the prime factors of p.
2
Suppose 2*h - 80 = -3*q, -4*h + 40 = -3*h + 4*q. What are the prime factors of h?
2, 5
Suppose -4*m = -2*x + 28, 6*m = 5*x + m - 80. Let o = x - -1. What are the prime factors of o?
19
Let g(k) = -k + 13. Let r be g(12). What are the prime factors of r/(-3)*-3*9?
3
Suppose -3*p = -0*p + i + 25, 2*p = -2*i - 10. Suppose 5*f = -0*n - 2*n + 19, -4*n + f + 71 = 0. Let h = p + n. What are the prime factors of h?
7
Let g = -13 - -19. Suppose -4*k - g + 22 = 0. What are the prime factors of k?
2
What are the prime factors of 1 + 1 + 0 + (177 - 7)?
2, 43
Let x = -97 - -137. Let t = 26 + -47. Let c = x + t. What are the prime factors of c?
19
Suppose 0 = 2*g - 5*l + 24 - 636, -8 = 4*l. What are the prime factors of g?
7, 43
Suppose 2*p + 0 - 10 = 0. Suppose -24 = -p*a - 3*z, -3*z + 6 = -z. What are the prime factors of a?
3
Let v = -45 + 116. What are the prime factors of v?
71
Suppose -h = 3*g - 15, 2*h - 7 = -g - 2. Let f(o) = 4*o + h*o - 2*o - o**3 + 9*o**2 + 10 + 8*o. List the prime factors of f(10).
2, 5
Let w = 27 - -2. What are the prime factors of w?
29
Suppose -3*s - 12 = -6*s. Let w(d) = -d**3 + 3*d**2 + 7*d - 5. What are the prime factors of w(s)?
7
List the prime factors of (1304/(-8) + 4)/(2/(-2)).
3, 53
Let m(p) = -p**3 + 4*p**2 - p - 3. Let r be m(3). Suppose -r*x - x = -44. What are the prime factors of x?
11
Let c(p) = -11*p. Let b be c(-7). Let t = -43 + b. Suppose -3*g + q + 27 = 0, t = 3*g - 3*q + 1. What are the prime factors of g?
2
Let o = -3 - -27. Let b = -17 + o. Suppose 6*w - b = 4*w + l, 2*w + 4*l = 22. List the prime factors of w.
5
Let m be -1 - 26*(-4)/8. Let t(j) = j**2 - 6*j + 2. Let b be t(3). Let a = m + b. List the prime factors of a.
5
Let y = 15 + -10. Let o = 4 + -1. Let u = y - o. What are the prime factors of u?
2
Let j(m) = -m**3 - 13*m**2 + 10*m - 6. Let l = -14 + 0. What are the prime factors of j(l)?
2, 5
Let l be 3 + 4 + (-3)/3. Suppose -2*g = -0 - l. List the prime factors of g.
3
Let t(a) = -2*a - 5. Let f be t(-5). Suppose 4*w = f*u, 2*w + 2 = 3*u - 0*w. Suppose 2*k - k - u = 0. What are the prime factors of k?
2
Let i(v) = 3*v - v + 3*v + 1. List the prime factors of i(2).
11
Suppose -w + 13 = -31. List the prime factors of w.
2, 11
Suppose -4*u = -2*h - 0*u + 56, -2*h = u - 51. What are the prime factors of h?
2, 13
Let x(g) = 4*g**2 + 43*g - 5. What are the prime factors of x(-14)?
3, 59
Suppose 0 = -5*s + 10 - 0. Suppose -5*p + 32 = s*i - p, 56 = 4*i + 4*p. List the prime factors of i.
2, 3
Let k(h) = 3*h**3 - h. Let w be k(1). Suppose -2*v + 6 = -4*f, 2*f = -w*v - 8 + 20. What are the prime factors of v?
5
Let i(t) = -3*t - 2. Let a(p) = -4*p - 7. Let f(n) = 5*n + 6. Let w(v) = -2*a(v) - 3*f(v). Let z(s) = -5*i(s) + 2*w(s). What are the prime factors of z(7)?
3
Suppose n - 5 = -30. Let t = 34 - n. List the prime factors of t.
59
Suppose -4*l + 6*r + 67 = 3*r, -5*r - 23 = -2*l. Suppose b = 2*w + l, 0 = -5*b + w + 47 + 75. What are the prime factors of b?
5
Let u = -1 - 3. Let f = 11 + u. Suppose -5*s + f = -3. List the prime factors of s.
2
Suppose 0 = 3*p + 50 - 8. Let f = 29 + p. List the prime factors of f.
3, 5
What are the prime factors of ((-598)/(-92))/(2/24)?
2, 3, 13
Let x(m) = -2 + 4 + m + 9. What are the prime factors of x(0)?
11
Let b = 47 - 2. List the prime factors of b.
3, 5
Let y = -5 + 9. Suppose -y*s = -6*s + 6. Suppose -4*w - 18 = -s*c - 96, -3*w = 5*c - 44. What are the prime factors of w?
2, 3
Let x = 45 - 30. What are the prime factors of ((-204)/x)/((-4)/10)?
2, 17
Let x = 99 + -36. List the prime factors of x.
3, 7
Let v(y) = 12*y + 18. List the prime factors of v(4).
2, 3, 11
Let p(y) = -y**2 - 8*y + 6. Let s be p(-10). Suppose -3*j = -5*d + 1, 5*j = 2*j - d - 25. Let v = j - s. List the prime factors of v.
7
Let s(c) = -c**3 - 2*c**2 - 6*c - 2. List the prime factors of s(-3).
5
Suppose 0 = 5*y + 3*y - 1992. What are the prime factors of y?
3, 83
Let u(y) = y**3 - 7*y**2 - 8*y + 2. Let a be u(8). Suppose 5*r + a*s - 2 = -4, -2*s = -3*r - 14. List the prime factors of (-19)/r - 1/(-2).
2, 5
Let o(d) be the third derivative of -d**6/120 - d**5/10 - d**4/3 - 5*d**3/6 - d**2. List the prime factors of o(-5).
2, 5
Suppose -4*q - v + 334 = 0, 3*q + v - 142 - 108 = 0. Let h = -58 + q. List the prime factors of h.
2, 13
Suppose -3*f + 155 = 38. List the prime factors of f.
3, 13
Let f be 396/(-15)*(-5)/(-1). List the prime factors of (0 - 2) + f/(-6).
2, 5
Suppose 4*i = i + 3, 3*i = 5*d - 12. Suppose -7*z + 12 = -d*z. What are the prime factors of z?
3
Let s be (-3)/6*4 - -3. Let b(u) = 13*u. List the prime factors of b(s).
13
Let c(d) = -d**2 + 11*d - 8. Suppose -29 = -3*f + 1. Let h be c(f). Suppose 0*j + 4*j + 16 = 0, 3*x - 44 = h*j. What are the prime factors of x?
2, 3
Let c be (-20)/9 - 6/(-27). List the prime factors of 38/14 - c/7.
3
Suppose -3*a - 2 = -4*a. What are the prime factors of a/2 + -1 - -28?
2, 7
Let p = 2 - 7. List the prime factors of 2/((p/(-6))/5).
2, 3
Suppose 2*n - 4*n + 106 = 0. List the prime factors of n.
53
Suppose i - 4*k = -4*i + 497, -4*i + 396 = -4*k. List the prime factors of i.
101
Suppose -x + 91 = m + m, 2*m = 2*x + 100. What are the prime factors of m?
47
Suppose 7*m + 10 = 2*m, -4*k + 218 = -3*m. What are the prime factors of k?
53
Let m(g) = -g + 8. Let h be m(-8). Let x = h + 2. List the prime factors of x.
2, 3
Let m be (-10)/(-4) - 1/(-2). Suppose -l = -2*l + m. Suppose -2*h = -l*h + 7. What are the prime factors of h?
7
Let g be 2 + 0 + (-1 - 1). Let x be 2 - (-2 + g + 3). Let z = 19 + x. What are the prime factors of z?
2, 5
Let b(h) = h + 1. Let s(g) = g + 4 + g - g. Let l(j) = -3*b(j) + s(j). List the prime factors of l(-5).
11
Let z = 2 + 0. Let k be (z/6)/(7/63). Suppose -j + 5*x - 12 = 7, k*x = -4*j + 39. List the prime factors of j.
2, 3
Suppose 0 = -4*v + 81 + 155. List the prime factors of v.
59
Let m(t) be the first derivative of 39*t**2/2 - t - 4. Let g be m(1). Suppose -2*r + 10 = -0*i + 3*i, g = 5*r + i. What are the prime factors of r?
2
Let b(v) be the first derivative of -v**3/3 - 17*v**2/2 - 13*v + 4. List the prime factors of b(-15).
17
Let q(t) = 3*t - 1. Let v be q(1). Suppose 4*x + 5*k - 99 = -39, v*x + 4*k - 30 = 0. List the prime factors of x.
3, 5
Let g be 1/(-2) - (-123)/6. Suppose -c = c - g. List the prime factors of c.
2, 5
Suppose -f = 4*d - 2 - 2, 4*d - 5*f = 28. Suppose -d*q - 6 = -48. Let r = -11 + q. What are the prime factors of r?
2, 5
Let k = 10 + -14. Let a = 10 + k. What are the prime factors of a?
2, 3
Suppose -3*a + 741 = 2*a - c, -5*c + 20 = 0. List the prime factors of a.
149
Let o = -46 + 150. List the prime factors of o.
2, 13
Suppose o + 0*o = 0. Suppose o*m = -2*m + 92. Suppose -5*z = -3*y + 26, 0*y - 4*y = -z - m. What are the prime factors of y?
2, 3
Suppose 5*b - 2*n - 43 = -n, 0 = b + 5*n + 7. What are the prime factors of 110/6 - b/(-12)?
19
Suppose 2*l - 3*b = -5, -4*b + 17 = 3*l - 18. Let y = 5 - 8. List the prime factors of (y/l)/(2/(-30)).
3
Suppose x + h + 5 = 0, -14 = x - 0*h - 2*h. Let p be (-7 + 3)*34/x. Let b = 35 - p. What are the prime factors of b?
2, 3
Suppose 4*b 